{"id":37,"date":"2024-12-24T18:54:09","date_gmt":"2024-12-24T17:54:09","guid":{"rendered":"https:\/\/itproject.solutions\/?page_id=37"},"modified":"2026-02-17T14:47:46","modified_gmt":"2026-02-17T13:47:46","slug":"demander-une-demo","status":"publish","type":"page","link":"https:\/\/itproject.solutions\/?page_id=37","title":{"rendered":"Demander une d\u00e9mo"},"content":{"rendered":"\t\t<div data-elementor-type=\"wp-page\" data-elementor-id=\"37\" class=\"elementor elementor-37\">\n\t\t\t\t\t\t<header class=\"elementor-section elementor-top-section elementor-element elementor-element-5497e2fa elementor-section-height-min-height elementor-section-boxed elementor-section-height-default elementor-section-items-middle\" data-id=\"5497e2fa\" data-element_type=\"section\" data-e-type=\"section\" data-settings=\"{&quot;background_background&quot;:&quot;classic&quot;}\">\n\t\t\t\t\t\t\t<div class=\"elementor-background-overlay\"><\/div>\n\t\t\t\t\t\t\t<div class=\"elementor-container elementor-column-gap-default\">\n\t\t\t\t\t<div class=\"elementor-column elementor-col-100 elementor-top-column elementor-element elementor-element-533a1ee9\" data-id=\"533a1ee9\" data-element_type=\"column\" data-e-type=\"column\">\n\t\t\t<div class=\"elementor-widget-wrap elementor-element-populated\">\n\t\t\t\t\t\t<div class=\"elementor-element elementor-element-79e318d1 elementor-invisible elementor-widget elementor-widget-heading\" data-id=\"79e318d1\" data-element_type=\"widget\" data-e-type=\"widget\" data-settings=\"{&quot;_animation&quot;:&quot;fadeInDown&quot;}\" data-widget_type=\"heading.default\">\n\t\t\t\t<div class=\"elementor-widget-container\">\n\t\t\t\t\t<h1 class=\"elementor-heading-title elementor-size-default\">Demander une d\u00e9mo<\/h1>\t\t\t\t<\/div>\n\t\t\t\t<\/div>\n\t\t\t\t\t<\/div>\n\t\t<\/div>\n\t\t\t\t\t<\/div>\n\t\t<\/header>\n\t\t<div class=\"elementor-element elementor-element-1bba576 e-flex e-con-boxed e-con e-parent\" data-id=\"1bba576\" data-element_type=\"container\" data-e-type=\"container\" data-settings=\"{&quot;background_background&quot;:&quot;classic&quot;}\">\n\t\t\t\t\t<div class=\"e-con-inner\">\n\t\t\t\t<div class=\"elementor-element elementor-element-20f5334 elementor-widget elementor-widget-heading\" data-id=\"20f5334\" data-element_type=\"widget\" data-e-type=\"widget\" data-widget_type=\"heading.default\">\n\t\t\t\t<div class=\"elementor-widget-container\">\n\t\t\t\t\t<h2 class=\"elementor-heading-title elementor-size-default\">Vous souhaitez d\u00e9couvrir comment nos solutions ERP Divalto peuvent transformer votre entreprise ? Demandez une d\u00e9mo personnalis\u00e9e et explorez les fonctionnalit\u00e9s avanc\u00e9es qui r\u00e9pondront \u00e0 vos besoins sp\u00e9cifiques.\n\nLors de cette d\u00e9mo, notre \u00e9quipe d'experts vous guidera \u00e0 travers les diff\u00e9rentes fonctionnalit\u00e9s de l'ERP Divalto et vous expliquera comment l'int\u00e9grer efficacement dans vos processus m\u00e9tier pour optimiser votre gestion.\n\nPour demander votre d\u00e9mo, il vous suffit de remplir le formulaire ci-dessous. Nous prendrons contact avec vous pour planifier une session selon vos disponibilit\u00e9s.\n\n<\/h2>\t\t\t\t<\/div>\n\t\t\t\t<\/div>\n\t\t\t\t\t<\/div>\n\t\t\t\t<\/div>\n\t\t<div class=\"elementor-element elementor-element-0161a43 e-flex e-con-boxed e-con e-parent\" data-id=\"0161a43\" data-element_type=\"container\" data-e-type=\"container\">\n\t\t\t\t\t<div class=\"e-con-inner\">\n\t\t\t\t<div class=\"elementor-element elementor-element-7148b8f elementor-widget elementor-widget-spacer\" data-id=\"7148b8f\" data-element_type=\"widget\" data-e-type=\"widget\" data-widget_type=\"spacer.default\">\n\t\t\t\t<div class=\"elementor-widget-container\">\n\t\t\t\t\t\t\t<div class=\"elementor-spacer\">\n\t\t\t<div class=\"elementor-spacer-inner\"><\/div>\n\t\t<\/div>\n\t\t\t\t\t\t<\/div>\n\t\t\t\t<\/div>\n\t\t\t\t\t<\/div>\n\t\t\t\t<\/div>\n\t\t<div class=\"elementor-element elementor-element-f972a84 e-flex e-con-boxed e-con e-parent\" data-id=\"f972a84\" data-element_type=\"container\" data-e-type=\"container\">\n\t\t\t\t\t<div class=\"e-con-inner\">\n\t\t\t\t<div class=\"elementor-element elementor-element-56ad4df eael-wpforms-labels-yes eael-wpforms-form-button-custom elementor-widget elementor-widget-eael-wpforms\" data-id=\"56ad4df\" data-element_type=\"widget\" data-e-type=\"widget\" data-widget_type=\"eael-wpforms.default\">\n\t\t\t\t<div class=\"elementor-widget-container\">\n\t\t\t\t\t            <div class=\"eael-contact-form eael-wpforms eael-wpforms-align-default\">\n                                <div class=\"wpforms-container wpforms-container-full wpforms-render-modern\" id=\"wpforms-1972\"><form id=\"wpforms-form-1972\" class=\"wpforms-validate wpforms-form wpforms-ajax-form\" data-formid=\"1972\" method=\"post\" enctype=\"multipart\/form-data\" action=\"\/index.php?rest_route=%2Fwp%2Fv2%2Fpages%2F37\" data-token=\"c3878853cba614b8338fe775a6304788\" data-token-time=\"1775560047\"><div class=\"wpforms-head-container\"><div class=\"wpforms-title\">Demander une d\u00e9mo<\/div><\/div><noscript class=\"wpforms-error-noscript\">Veuillez activer JavaScript dans votre navigateur pour remplir ce formulaire.<\/noscript><div id=\"wpforms-error-noscript\" style=\"display: none;\">Veuillez activer JavaScript dans votre navigateur pour remplir ce formulaire.<\/div><div class=\"wpforms-field-container\"><div id=\"wpforms-1972-field_1-container\" class=\"wpforms-field wpforms-field-name\" data-field-id=\"1\"><fieldset><legend class=\"wpforms-field-label\">Nom <span class=\"wpforms-required-label\" aria-hidden=\"true\">*<\/span><\/legend><div class=\"wpforms-field-row wpforms-field-large\"><div class=\"wpforms-field-row-block wpforms-first wpforms-one-half\"><input type=\"text\" id=\"wpforms-1972-field_1\" class=\"wpforms-field-name-first wpforms-field-required\" name=\"wpforms[fields][1][first]\" aria-errormessage=\"wpforms-1972-field_1-error\" required><label for=\"wpforms-1972-field_1\" class=\"wpforms-field-sublabel after\">Pr\u00e9nom<\/label><\/div><div class=\"wpforms-field-row-block wpforms-one-half\"><input type=\"text\" id=\"wpforms-1972-field_1-last\" class=\"wpforms-field-name-last wpforms-field-required\" name=\"wpforms[fields][1][last]\" aria-errormessage=\"wpforms-1972-field_1-last-error\" required><label for=\"wpforms-1972-field_1-last\" class=\"wpforms-field-sublabel after\">Nom<\/label><\/div><\/div><\/fieldset><\/div><div id=\"wpforms-1972-field_6-container\" class=\"wpforms-field wpforms-field-text wpforms-one-half wpforms-first\" data-field-id=\"6\"><label class=\"wpforms-field-label\" for=\"wpforms-1972-field_6\">Soci\u00e9t\u00e9 <span class=\"wpforms-required-label\" aria-hidden=\"true\">*<\/span><\/label><input type=\"text\" id=\"wpforms-1972-field_6\" class=\"wpforms-field-large wpforms-field-required\" name=\"wpforms[fields][6]\" aria-errormessage=\"wpforms-1972-field_6-error\" required><\/div><div id=\"wpforms-1972-field_8-container\" class=\"wpforms-field wpforms-field-text wpforms-one-half\" data-field-id=\"8\"><label class=\"wpforms-field-label\" for=\"wpforms-1972-field_8\">Fonction<\/label><input type=\"text\" id=\"wpforms-1972-field_8\" class=\"wpforms-field-large\" name=\"wpforms[fields][8]\" aria-errormessage=\"wpforms-1972-field_8-error\" ><\/div><div id=\"wpforms-1972-field_7-container\" class=\"wpforms-field wpforms-field-select wpforms-field-select-style-classic\" data-field-id=\"7\"><label class=\"wpforms-field-label\" for=\"wpforms-1972-field_7\">Effectif<\/label><select id=\"wpforms-1972-field_7\" class=\"wpforms-field-large\" name=\"wpforms[fields][7]\"><option value=\"Moins de 10 salari\u00e9s\"  class=\"choice-1 depth-1\"  >Moins de 10 salari\u00e9s<\/option><option value=\"Entre 10 et 500 salari\u00e9s\"  class=\"choice-2 depth-1\"  >Entre 10 et 500 salari\u00e9s<\/option><option value=\"Plus de 500 salari\u00e9s\"  class=\"choice-3 depth-1\"  >Plus de 500 salari\u00e9s<\/option><\/select><\/div><div id=\"wpforms-1972-field_2-container\" class=\"wpforms-field wpforms-field-email\" data-field-id=\"2\"><label class=\"wpforms-field-label\" for=\"wpforms-1972-field_2\">E-mail <span class=\"wpforms-required-label\" aria-hidden=\"true\">*<\/span><\/label><input type=\"email\" id=\"wpforms-1972-field_2\" class=\"wpforms-field-large wpforms-field-required\" name=\"wpforms[fields][2]\" spellcheck=\"false\" aria-errormessage=\"wpforms-1972-field_2-error\" required><\/div><div id=\"wpforms-1972-field_4-container\" class=\"wpforms-field wpforms-field-text\" data-field-id=\"4\"><label class=\"wpforms-field-label\" for=\"wpforms-1972-field_4\">T\u00e9l\u00e9phone <span class=\"wpforms-required-label\" aria-hidden=\"true\">*<\/span><\/label><input type=\"text\" id=\"wpforms-1972-field_4\" class=\"wpforms-field-large wpforms-field-required\" name=\"wpforms[fields][4]\" aria-errormessage=\"wpforms-1972-field_4-error\" required><\/div>\t\t<div id=\"wpforms-1972-field_5-container\"\n\t\t\tclass=\"wpforms-field wpforms-field-text\"\n\t\t\tdata-field-type=\"text\"\n\t\t\tdata-field-id=\"5\"\n\t\t\t>\n\t\t\t<label class=\"wpforms-field-label\" for=\"wpforms-1972-field_5\" >Effectif Soci\u00e9t\u00e9 Commentaire<\/label>\n\t\t\t<input type=\"text\" id=\"wpforms-1972-field_5\" class=\"wpforms-field-medium\" name=\"wpforms[fields][5]\" >\n\t\t<\/div>\n\t\t<div id=\"wpforms-1972-field_3-container\" class=\"wpforms-field wpforms-field-textarea\" data-field-id=\"3\"><label class=\"wpforms-field-label\" for=\"wpforms-1972-field_3\">Commentaire ou message<\/label><textarea id=\"wpforms-1972-field_3\" class=\"wpforms-field-medium\" name=\"wpforms[fields][3]\" aria-errormessage=\"wpforms-1972-field_3-error\" ><\/textarea><\/div><script>\n\t\t\t\t( function() {\n\t\t\t\t\tconst style = document.createElement( 'style' );\n\t\t\t\t\tstyle.appendChild( document.createTextNode( '#wpforms-1972-field_5-container { position: absolute !important; overflow: hidden !important; display: inline !important; height: 1px !important; width: 1px !important; z-index: -1000 !important; padding: 0 !important; } #wpforms-1972-field_5-container input { visibility: hidden; } #wpforms-conversational-form-page #wpforms-1972-field_5-container label { counter-increment: none; }' ) );\n\t\t\t\t\tdocument.head.appendChild( style );\n\t\t\t\t\tdocument.currentScript?.remove();\n\t\t\t\t} )();\n\t\t\t<\/script><\/div><!-- .wpforms-field-container --><div class=\"wpforms-submit-container\" ><input type=\"hidden\" name=\"wpforms[id]\" value=\"1972\"><input type=\"hidden\" name=\"page_title\" value=\"\"><input type=\"hidden\" name=\"page_url\" value=\"https:\/\/itproject.solutions\/index.php?rest_route=\/wp\/v2\/pages\/37\"><input type=\"hidden\" name=\"url_referer\" value=\"\"><button type=\"submit\" name=\"wpforms[submit]\" id=\"wpforms-submit-1972\" class=\"wpforms-submit\" data-alt-text=\"Envoi...\" data-submit-text=\"Envoyer\" aria-live=\"assertive\" value=\"wpforms-submit\">Envoyer<\/button><img decoding=\"async\" src=\"https:\/\/itproject.solutions\/wp-content\/plugins\/wpforms-lite\/assets\/images\/submit-spin.svg\" class=\"wpforms-submit-spinner\" style=\"display: none;\" width=\"26\" height=\"26\" alt=\"Chargement en cours\"><\/div><\/form><\/div>  <!-- .wpforms-container -->            <\/div>\n\t\t\t\t<\/div>\n\t\t\t\t<\/div>\n\t\t\t\t\t<\/div>\n\t\t\t\t<\/div>\n\t\t<div class=\"elementor-element elementor-element-410326f e-flex e-con-boxed e-con e-parent\" data-id=\"410326f\" data-element_type=\"container\" data-e-type=\"container\">\n\t\t\t\t\t<div class=\"e-con-inner\">\n\t\t\t\t<div class=\"elementor-element elementor-element-0e50a80 elementor-widget elementor-widget-spacer\" data-id=\"0e50a80\" data-element_type=\"widget\" data-e-type=\"widget\" data-widget_type=\"spacer.default\">\n\t\t\t\t<div class=\"elementor-widget-container\">\n\t\t\t\t\t\t\t<div class=\"elementor-spacer\">\n\t\t\t<div class=\"elementor-spacer-inner\"><\/div>\n\t\t<\/div>\n\t\t\t\t\t\t<\/div>\n\t\t\t\t<\/div>\n\t\t\t\t\t<\/div>\n\t\t\t\t<\/div>\n\t\t<div class=\"elementor-element elementor-element-35bbbb5 e-flex e-con-boxed e-con e-parent\" data-id=\"35bbbb5\" data-element_type=\"container\" data-e-type=\"container\">\n\t\t\t\t\t<div class=\"e-con-inner\">\n\t\t\t\t\t<\/div>\n\t\t\t\t<\/div>\n\t\t\t\t<\/div>\n\t\t","protected":false},"excerpt":{"rendered":"<p>Demander une d\u00e9mo Vous souhaitez d\u00e9couvrir comment nos solutions ERP Divalto peuvent transformer votre entreprise ? Demandez une d\u00e9mo personnalis\u00e9e et explorez les fonctionnalit\u00e9s avanc\u00e9es qui r\u00e9pondront \u00e0 vos besoins sp\u00e9cifiques. Lors de cette d\u00e9mo, notre \u00e9quipe d&rsquo;experts vous guidera \u00e0 travers les diff\u00e9rentes fonctionnalit\u00e9s de l&rsquo;ERP Divalto et vous expliquera comment l&rsquo;int\u00e9grer efficacement dans [&hellip;]<\/p>\n","protected":false},"author":1,"featured_media":0,"parent":0,"menu_order":0,"comment_status":"closed","ping_status":"closed","template":"","meta":{"_eb_attr":"","ocean_post_layout":"","ocean_both_sidebars_style":"","ocean_both_sidebars_content_width":0,"ocean_both_sidebars_sidebars_width":0,"ocean_sidebar":"","ocean_second_sidebar":"","ocean_disable_margins":"enable","ocean_add_body_class":"","ocean_shortcode_before_top_bar":"","ocean_shortcode_after_top_bar":"","ocean_shortcode_before_header":"","ocean_shortcode_after_header":"","ocean_has_shortcode":"","ocean_shortcode_after_title":"","ocean_shortcode_before_footer_widgets":"","ocean_shortcode_after_footer_widgets":"","ocean_shortcode_before_footer_bottom":"","ocean_shortcode_after_footer_bottom":"","ocean_display_top_bar":"default","ocean_display_header":"default","ocean_header_style":"","ocean_center_header_left_menu":"","ocean_custom_header_template":"","ocean_custom_logo":0,"ocean_custom_retina_logo":0,"ocean_custom_logo_max_width":0,"ocean_custom_logo_tablet_max_width":0,"ocean_custom_logo_mobile_max_width":0,"ocean_custom_logo_max_height":0,"ocean_custom_logo_tablet_max_height":0,"ocean_custom_logo_mobile_max_height":0,"ocean_header_custom_menu":"","ocean_menu_typo_font_family":"","ocean_menu_typo_font_subset":"","ocean_menu_typo_font_size":0,"ocean_menu_typo_font_size_tablet":0,"ocean_menu_typo_font_size_mobile":0,"ocean_menu_typo_font_size_unit":"px","ocean_menu_typo_font_weight":"","ocean_menu_typo_font_weight_tablet":"","ocean_menu_typo_font_weight_mobile":"","ocean_menu_typo_transform":"","ocean_menu_typo_transform_tablet":"","ocean_menu_typo_transform_mobile":"","ocean_menu_typo_line_height":0,"ocean_menu_typo_line_height_tablet":0,"ocean_menu_typo_line_height_mobile":0,"ocean_menu_typo_line_height_unit":"","ocean_menu_typo_spacing":0,"ocean_menu_typo_spacing_tablet":0,"ocean_menu_typo_spacing_mobile":0,"ocean_menu_typo_spacing_unit":"","ocean_menu_link_color":"","ocean_menu_link_color_hover":"","ocean_menu_link_color_active":"","ocean_menu_link_background":"","ocean_menu_link_hover_background":"","ocean_menu_link_active_background":"","ocean_menu_social_links_bg":"","ocean_menu_social_hover_links_bg":"","ocean_menu_social_links_color":"","ocean_menu_social_hover_links_color":"","ocean_disable_title":"default","ocean_disable_heading":"default","ocean_post_title":"","ocean_post_subheading":"","ocean_post_title_style":"","ocean_post_title_background_color":"","ocean_post_title_background":0,"ocean_post_title_bg_image_position":"","ocean_post_title_bg_image_attachment":"","ocean_post_title_bg_image_repeat":"","ocean_post_title_bg_image_size":"","ocean_post_title_height":0,"ocean_post_title_bg_overlay":0.5,"ocean_post_title_bg_overlay_color":"","ocean_disable_breadcrumbs":"default","ocean_breadcrumbs_color":"","ocean_breadcrumbs_separator_color":"","ocean_breadcrumbs_links_color":"","ocean_breadcrumbs_links_hover_color":"","ocean_display_footer_widgets":"default","ocean_display_footer_bottom":"default","ocean_custom_footer_template":"","footnotes":""},"class_list":["post-37","page","type-page","status-publish","hentry","entry"],"yoast_head":"<!-- This site is optimized with the Yoast SEO plugin v26.9 - https:\/\/yoast.com\/product\/yoast-seo-wordpress\/ -->\n<title>Demander une d\u00e9mo - IT PROJECT<\/title>\n<meta name=\"robots\" content=\"index, follow, max-snippet:-1, max-image-preview:large, max-video-preview:-1\" \/>\n<link rel=\"canonical\" href=\"https:\/\/itproject.solutions\/?page_id=37\" \/>\n<meta property=\"og:locale\" content=\"fr_FR\" \/>\n<meta property=\"og:type\" content=\"article\" \/>\n<meta property=\"og:title\" content=\"Demander une d\u00e9mo - IT PROJECT\" \/>\n<meta property=\"og:description\" content=\"Demander une d\u00e9mo Vous souhaitez d\u00e9couvrir comment nos solutions ERP Divalto peuvent transformer votre entreprise ? Demandez une d\u00e9mo personnalis\u00e9e et explorez les fonctionnalit\u00e9s avanc\u00e9es qui r\u00e9pondront \u00e0 vos besoins sp\u00e9cifiques. Lors de cette d\u00e9mo, notre \u00e9quipe d&rsquo;experts vous guidera \u00e0 travers les diff\u00e9rentes fonctionnalit\u00e9s de l&rsquo;ERP Divalto et vous expliquera comment l&rsquo;int\u00e9grer efficacement dans [&hellip;]\" \/>\n<meta property=\"og:url\" content=\"https:\/\/itproject.solutions\/?page_id=37\" \/>\n<meta property=\"og:site_name\" content=\"IT PROJECT\" \/>\n<meta property=\"article:modified_time\" content=\"2026-02-17T13:47:46+00:00\" \/>\n<meta property=\"og:image\" content=\"https:\/\/itproject.solutions\/wp-content\/plugins\/wpforms-lite\/assets\/images\/submit-spin.svg\" \/>\n<meta name=\"twitter:card\" content=\"summary_large_image\" \/>\n<meta name=\"twitter:label1\" content=\"Dur\u00e9e de lecture estim\u00e9e\" \/>\n\t<meta name=\"twitter:data1\" content=\"1 minute\" \/>\n<script type=\"application\/ld+json\" class=\"yoast-schema-graph\">{\"@context\":\"https:\/\/schema.org\",\"@graph\":[{\"@type\":\"WebPage\",\"@id\":\"https:\/\/itproject.solutions\/?page_id=37\",\"url\":\"https:\/\/itproject.solutions\/?page_id=37\",\"name\":\"Demander une d\u00e9mo - IT PROJECT\",\"isPartOf\":{\"@id\":\"https:\/\/itproject.solutions\/#website\"},\"primaryImageOfPage\":{\"@id\":\"https:\/\/itproject.solutions\/?page_id=37#primaryimage\"},\"image\":{\"@id\":\"https:\/\/itproject.solutions\/?page_id=37#primaryimage\"},\"thumbnailUrl\":\"https:\/\/itproject.solutions\/wp-content\/plugins\/wpforms-lite\/assets\/images\/submit-spin.svg\",\"datePublished\":\"2024-12-24T17:54:09+00:00\",\"dateModified\":\"2026-02-17T13:47:46+00:00\",\"breadcrumb\":{\"@id\":\"https:\/\/itproject.solutions\/?page_id=37#breadcrumb\"},\"inLanguage\":\"fr-FR\",\"potentialAction\":[{\"@type\":\"ReadAction\",\"target\":[\"https:\/\/itproject.solutions\/?page_id=37\"]}]},{\"@type\":\"ImageObject\",\"inLanguage\":\"fr-FR\",\"@id\":\"https:\/\/itproject.solutions\/?page_id=37#primaryimage\",\"url\":\"https:\/\/itproject.solutions\/wp-content\/plugins\/wpforms-lite\/assets\/images\/submit-spin.svg\",\"contentUrl\":\"https:\/\/itproject.solutions\/wp-content\/plugins\/wpforms-lite\/assets\/images\/submit-spin.svg\"},{\"@type\":\"BreadcrumbList\",\"@id\":\"https:\/\/itproject.solutions\/?page_id=37#breadcrumb\",\"itemListElement\":[{\"@type\":\"ListItem\",\"position\":1,\"name\":\"Accueil\",\"item\":\"https:\/\/itproject.solutions\/\"},{\"@type\":\"ListItem\",\"position\":2,\"name\":\"Demander une d\u00e9mo\"}]},{\"@type\":\"WebSite\",\"@id\":\"https:\/\/itproject.solutions\/#website\",\"url\":\"https:\/\/itproject.solutions\/\",\"name\":\"IT PROJECT\",\"description\":\"Int\u00e9grateur Divalto \u00e0 votre service\",\"publisher\":{\"@id\":\"https:\/\/itproject.solutions\/#organization\"},\"potentialAction\":[{\"@type\":\"SearchAction\",\"target\":{\"@type\":\"EntryPoint\",\"urlTemplate\":\"https:\/\/itproject.solutions\/?s={search_term_string}\"},\"query-input\":{\"@type\":\"PropertyValueSpecification\",\"valueRequired\":true,\"valueName\":\"search_term_string\"}}],\"inLanguage\":\"fr-FR\"},{\"@type\":\"Organization\",\"@id\":\"https:\/\/itproject.solutions\/#organization\",\"name\":\"IT PROJECT\",\"url\":\"https:\/\/itproject.solutions\/\",\"logo\":{\"@type\":\"ImageObject\",\"inLanguage\":\"fr-FR\",\"@id\":\"https:\/\/itproject.solutions\/#\/schema\/logo\/image\/\",\"url\":\"https:\/\/itproject.solutions\/wp-content\/uploads\/2025\/01\/logo-it-projetc-noir-e1639336580363.png\",\"contentUrl\":\"https:\/\/itproject.solutions\/wp-content\/uploads\/2025\/01\/logo-it-projetc-noir-e1639336580363.png\",\"width\":150,\"height\":47,\"caption\":\"IT PROJECT\"},\"image\":{\"@id\":\"https:\/\/itproject.solutions\/#\/schema\/logo\/image\/\"},\"sameAs\":[\"https:\/\/www.linkedin.com\/company\/it-project-intgrateur-divalto\/?viewAsMember=true\"]}]}<\/script>\n<!-- \/ Yoast SEO plugin. -->","yoast_head_json":{"title":"Demander une d\u00e9mo - IT PROJECT","robots":{"index":"index","follow":"follow","max-snippet":"max-snippet:-1","max-image-preview":"max-image-preview:large","max-video-preview":"max-video-preview:-1"},"canonical":"https:\/\/itproject.solutions\/?page_id=37","og_locale":"fr_FR","og_type":"article","og_title":"Demander une d\u00e9mo - IT PROJECT","og_description":"Demander une d\u00e9mo Vous souhaitez d\u00e9couvrir comment nos solutions ERP Divalto peuvent transformer votre entreprise ? Demandez une d\u00e9mo personnalis\u00e9e et explorez les fonctionnalit\u00e9s avanc\u00e9es qui r\u00e9pondront \u00e0 vos besoins sp\u00e9cifiques. Lors de cette d\u00e9mo, notre \u00e9quipe d&rsquo;experts vous guidera \u00e0 travers les diff\u00e9rentes fonctionnalit\u00e9s de l&rsquo;ERP Divalto et vous expliquera comment l&rsquo;int\u00e9grer efficacement dans [&hellip;]","og_url":"https:\/\/itproject.solutions\/?page_id=37","og_site_name":"IT PROJECT","article_modified_time":"2026-02-17T13:47:46+00:00","og_image":[{"url":"https:\/\/itproject.solutions\/wp-content\/plugins\/wpforms-lite\/assets\/images\/submit-spin.svg","type":"","width":"","height":""}],"twitter_card":"summary_large_image","twitter_misc":{"Dur\u00e9e de lecture estim\u00e9e":"1 minute"},"schema":{"@context":"https:\/\/schema.org","@graph":[{"@type":"WebPage","@id":"https:\/\/itproject.solutions\/?page_id=37","url":"https:\/\/itproject.solutions\/?page_id=37","name":"Demander une d\u00e9mo - IT PROJECT","isPartOf":{"@id":"https:\/\/itproject.solutions\/#website"},"primaryImageOfPage":{"@id":"https:\/\/itproject.solutions\/?page_id=37#primaryimage"},"image":{"@id":"https:\/\/itproject.solutions\/?page_id=37#primaryimage"},"thumbnailUrl":"https:\/\/itproject.solutions\/wp-content\/plugins\/wpforms-lite\/assets\/images\/submit-spin.svg","datePublished":"2024-12-24T17:54:09+00:00","dateModified":"2026-02-17T13:47:46+00:00","breadcrumb":{"@id":"https:\/\/itproject.solutions\/?page_id=37#breadcrumb"},"inLanguage":"fr-FR","potentialAction":[{"@type":"ReadAction","target":["https:\/\/itproject.solutions\/?page_id=37"]}]},{"@type":"ImageObject","inLanguage":"fr-FR","@id":"https:\/\/itproject.solutions\/?page_id=37#primaryimage","url":"https:\/\/itproject.solutions\/wp-content\/plugins\/wpforms-lite\/assets\/images\/submit-spin.svg","contentUrl":"https:\/\/itproject.solutions\/wp-content\/plugins\/wpforms-lite\/assets\/images\/submit-spin.svg"},{"@type":"BreadcrumbList","@id":"https:\/\/itproject.solutions\/?page_id=37#breadcrumb","itemListElement":[{"@type":"ListItem","position":1,"name":"Accueil","item":"https:\/\/itproject.solutions\/"},{"@type":"ListItem","position":2,"name":"Demander une d\u00e9mo"}]},{"@type":"WebSite","@id":"https:\/\/itproject.solutions\/#website","url":"https:\/\/itproject.solutions\/","name":"IT PROJECT","description":"Int\u00e9grateur Divalto \u00e0 votre service","publisher":{"@id":"https:\/\/itproject.solutions\/#organization"},"potentialAction":[{"@type":"SearchAction","target":{"@type":"EntryPoint","urlTemplate":"https:\/\/itproject.solutions\/?s={search_term_string}"},"query-input":{"@type":"PropertyValueSpecification","valueRequired":true,"valueName":"search_term_string"}}],"inLanguage":"fr-FR"},{"@type":"Organization","@id":"https:\/\/itproject.solutions\/#organization","name":"IT PROJECT","url":"https:\/\/itproject.solutions\/","logo":{"@type":"ImageObject","inLanguage":"fr-FR","@id":"https:\/\/itproject.solutions\/#\/schema\/logo\/image\/","url":"https:\/\/itproject.solutions\/wp-content\/uploads\/2025\/01\/logo-it-projetc-noir-e1639336580363.png","contentUrl":"https:\/\/itproject.solutions\/wp-content\/uploads\/2025\/01\/logo-it-projetc-noir-e1639336580363.png","width":150,"height":47,"caption":"IT PROJECT"},"image":{"@id":"https:\/\/itproject.solutions\/#\/schema\/logo\/image\/"},"sameAs":["https:\/\/www.linkedin.com\/company\/it-project-intgrateur-divalto\/?viewAsMember=true"]}]}},"_links":{"self":[{"href":"https:\/\/itproject.solutions\/index.php?rest_route=\/wp\/v2\/pages\/37","targetHints":{"allow":["GET"]}}],"collection":[{"href":"https:\/\/itproject.solutions\/index.php?rest_route=\/wp\/v2\/pages"}],"about":[{"href":"https:\/\/itproject.solutions\/index.php?rest_route=\/wp\/v2\/types\/page"}],"author":[{"embeddable":true,"href":"https:\/\/itproject.solutions\/index.php?rest_route=\/wp\/v2\/users\/1"}],"replies":[{"embeddable":true,"href":"https:\/\/itproject.solutions\/index.php?rest_route=%2Fwp%2Fv2%2Fcomments&post=37"}],"version-history":[{"count":40,"href":"https:\/\/itproject.solutions\/index.php?rest_route=\/wp\/v2\/pages\/37\/revisions"}],"predecessor-version":[{"id":1986,"href":"https:\/\/itproject.solutions\/index.php?rest_route=\/wp\/v2\/pages\/37\/revisions\/1986"}],"wp:attachment":[{"href":"https:\/\/itproject.solutions\/index.php?rest_route=%2Fwp%2Fv2%2Fmedia&parent=37"}],"curies":[{"name":"wp","href":"https:\/\/api.w.org\/{rel}","templated":true}]}}